f a.
2, 23
Let g = -135 + 140. Let w(c) = c**3 + c**2 - 7*c - 2. List the prime factors of w(g).
113
Let x = 27 - 43. List the prime factors of (6 - (-2530)/16) + 2/x.
2, 41
Let h(w) = w**2 + 18*w + 18. Let p be h(-13). Let q = p + 47. Suppose q = 2*v + 6*v - 1680. List the prime factors of v.
2, 3, 5, 7
Let t = 7145 - 4753. What are the prime factors of t?
2, 13, 23
Suppose -3*o - v = -4507, 1729 = 3*o + 4*v - 2763. What are the prime factors of o?
2, 47
Suppose 4*y - 5228 - 7200 = 0. Suppose t - g = 762, 5*t + 2*g - 689 = y. List the prime factors of t.
2, 5, 19
Suppose 22*w - 326432 = -79*w. What are the prime factors of w?
2, 101
Let l(s) = 567*s - 1158. What are the prime factors of l(22)?
2, 3, 23, 41
Let u(f) = -33*f + 69. Let h be (-2)/3 + -97*(-2)/(-6). List the prime factors of u(h).
2, 3, 193
Let v be ((-1772)/(-10))/(26/260). Suppose -1781 = -2*i - 5*y, y + 3*y + v = 2*i. List the prime factors of i.
2, 3, 37
Suppose -40*t - 265992 = -64*t. List the prime factors of t.
11083
Let s be 1*171*(-3 + 2). Let g = 66 + s. List the prime factors of -36*(g/20 - -1).
3, 17
Let u = 7593 - -3356. What are the prime factors of u?
10949
Suppose 2*l + 35199 = 5*t, 14085 = -3*t + 5*t + l. List the prime factors of t.
3, 2347
Suppose 260388 = 4*g + 4*f, -56*f + 53*f = 12*g - 781092. List the prime factors of g.
65089
Suppose -3811 = -5*q + 47449. What are the prime factors of q?
2, 11, 233
Suppose -119*u = -154130 - 266059. List the prime factors of u.
3, 11, 107
Let f(z) = 113*z**2 - 41*z - 232. List the prime factors of f(-9).
2, 5, 929
Suppose 0 = -4*l + f + 21904, 9*f = 7*f + 8. What are the prime factors of l?
5477
What are the prime factors of ((-2130)/90 - -24) + 42605/3 + 1?
7, 2029
Suppose -9*f = -3*f + 31*f - 393125. What are the prime factors of f?
5, 17
Suppose 31*y - 197 - 237 = 0. Suppose y*f = 7*f + 224. What are the prime factors of f?
2
Let r(m) = -3*m + 66. Let i be r(0). Suppose y - 3*t + i = 0, t + 2*t = 12. Let f = 100 + y. List the prime factors of f.
2, 23
Suppose -d + 5 = 0, -5*l - 11*d + 8*d + 122020 = 0. List the prime factors of l.
13, 1877
Suppose 107*t + 301*t = -147*t + 29699715. List the prime factors of t.
59, 907
Suppose 33*w = 2*w + 620. Suppose -w*a - 4379 = -33939. List the prime factors of a.
2, 739
Let f(j) be the first derivative of 10*j**3/3 + j**2 - 8*j - 44. List the prime factors of f(-4).
2, 3
Suppose 0 = 4*m - 4*s - 36992, 0 = -4*m + 5*s + 14353 + 22639. What are the prime factors of m?
2, 17
Suppose 22*u - 43 - 1 = 0. Suppose 540 + 44 = u*o. What are the prime factors of o?
2, 73
Suppose 4*y = 2*y + p + 760, -5*y + 3*p = -1902. Let v = y - -53. What are the prime factors of v?
431
Let l(r) = -r**3 - 2*r**2 + r + 3835. Let h be l(0). Suppose -17*a + 2540 = -h. What are the prime factors of a?
3, 5
Suppose 0 = -0*h - 5*h - 3*i + 316, 5*h + 4*i - 318 = 0. What are the prime factors of (1643/h)/((-1)/(-6))?
3, 53
Suppose 4*t = -3*r + 5*t + 2, -10 = 5*r + 5*t. Suppose c - 4*j + 20 = 0, r = -8*c + 7*c + 3*j - 15. Let o(v) = v**2 + 3*v + 64. List the prime factors of o(c).
2
Let m = 8892 + -986. What are the prime factors of m?
2, 59, 67
Suppose -558 = -20*i - 458. Suppose 4 = -p + 2*z - 2, p = -5*z + 22. Suppose p*y - 23 = i*w, -3*y + 2*y = 3*w - 6. List the prime factors of y.
3
Let m = 30 + -22. Let p = -2 - m. Let l = p + 22. What are the prime factors of l?
2, 3
Suppose 3*c - 609 = 3*v, 0 = -4*v - 1 - 7. Let n = 231 + -325. Let k = c + n. What are the prime factors of k?
107
Suppose 4*v + r - 106 = 146, 4*r + 272 = 4*v. Let t(g) = -30*g + 7. Let l be t(2). Let y = l + v. What are the prime factors of y?
11
Let y(f) = -10*f**3 + 8*f**2 - 18*f + 3. Let i(j) = j**3 - j - 1. Let s(h) = 4*i(h) - y(h). What are the prime factors of s(3)?
11, 31
Let u be (-4 - (-3 + 1)) + -29. Let d = u - -4. Let f = d - -37. What are the prime factors of f?
2, 5
Suppose -94*j - 16*j + 9631081 = 3402221. What are the prime factors of j?
2, 23, 1231
Suppose 5*h + 10*h - 45 = 0. Suppose 0 = -y - 4*j + 757, h*y = j + 2041 + 295. List the prime factors of y.
3, 7, 37
List the prime factors of ((-272)/(-12) - -6)*(81 + -3).
2, 13, 43
Suppose -14*z + 36937 + 10551 = 0. List the prime factors of z.
2, 53
Let q(b) = -b - 42 + 92 - 43. Let t be q(5). Suppose 177 = -t*m + 5*m. What are the prime factors of m?
59
Let h = 161 + -154. List the prime factors of h + (-1 - 0 - 1) - -194.
199
Suppose -2*v + 72262 = -4*p, 10*v + 2*p - 72208 = 8*v. What are the prime factors of v?
7, 11, 67
Let i(z) = 83*z + 9 - 64*z - 61. Let r be i(10). Let q = 137 + r. List the prime factors of q.
5, 11
Suppose 8*x + 7 - 23 = 0. Let a(o) = -4*o**3 - 2 + 7*o**3 - o - 2*o**2 + 10*o**3. List the prime factors of a(x).
2, 23
Suppose 5*p = 0, -40545 = 3*y - 5*y - 3*y + 5*p. List the prime factors of y.
3, 17, 53
What are the prime factors of (-25163)/(-5) + 30/12 + 372/(-120)?
2, 17, 37
Let f be (-3)/12 - 3/(-12). Suppose -4*y + 18 - 6 = f. Suppose -y*a + 3 = -72. What are the prime factors of a?
5
Let y(p) = -256*p + 1795. Let n(b) = -51*b + 359. Let f(g) = 11*n(g) - 2*y(g). List the prime factors of f(7).
2
Let z be 7/(-1) + 2 + 2*7. Suppose 4*f - u - 1021 = 0, -5*f = -z*f + 3*u + 1031. List the prime factors of f.
2, 127
Let q = -58252 - -114019. List the prime factors of q.
3, 29, 641
Let z(v) be the first derivative of 7/2*v**2 - 28*v - 16. What are the prime factors of z(9)?
5, 7
Let z = -7036 + 12139. Suppose 70*j = 61*j + z. What are the prime factors of j?
3, 7
Suppose 3*h = -2*t + 801, -h + 518 = h - 4*t. Suppose 2*y + y - 85 = z, 0 = -3*z + 3*y - 249. Let o = h + z. List the prime factors of o.
3, 61
Suppose -3*o + 5*i - 3*i = -1586, 1068 = 2*o - 4*i. Let k = o - 328. List the prime factors of k.
2, 3, 11
Let k(r) = -638*r - 1026. List the prime factors of k(-10).
2, 2677
Let s = -165 - -187. Suppose 1420 = -17*n + s*n. What are the prime factors of n?
2, 71
List the prime factors of 30/165 + ((-140867)/(-55) - (-2)/(-5)).
13, 197
Suppose -3*t = -9, 63839 = 5*c - 42*t + 40*t. List the prime factors of c.
113
Let i(j) = j**3 + 25*j**2 + 5*j - 751. List the prime factors of i(-23).
2, 3
Suppose 131*i - 134*i - 2*q + 96232 = 0, 32096 = i - 4*q. What are the prime factors of i?
2, 5, 401
Let s = 108 + 405. Let l = 1227 - s. What are the prime factors of l?
2, 3, 7, 17
Let r(u) = -3*u - 12. Let a be ((-6)/(-4) + -1)*-18. Let n be r(a). What are the prime factors of n + -1 - (-8)/(-2)?
2, 5
Let v = -47 + 70. Suppose -3*s = -4*g - v, s + 4*g = 5*s - 28. Suppose -117 - 243 = -s*j. What are the prime factors of j?
2, 3
Let z = 14490 - 4005. What are the prime factors of z?
3, 5, 233
What are the prime factors of (8 + (-342270)/(-75))*((-6)/(-4) - -1)?
11, 1039
Suppose -2*h = 5*a + 8484 - 47634, 0 = -4*h - 3*a + 78328. List the prime factors of h.
5, 3917
Let r be -21 - ((-1)/(-1) - 2). Let p(z) = -4*z + 32. Let c be p(8). List the prime factors of r/(-15)*(60 - c).
2, 5
Let m = 117 - 111. Let w(q) = -q**2 + 16*q + 14. List the prime factors of w(m).
2, 37
Suppose 0 = 3*p - 12. Let j be -1 - (2/p + (-231)/(-6)). Let u = 47 + j. What are the prime factors of u?
7
Suppose 2*m + 4*x = m - 1606, 4783 = -3*m - 5*x. Let o = -921 - m. What are the prime factors of o?
5, 7, 19
Let f be 4 + (-2)/2 - (-3)/(-1). Let g be (2 + f - 2)/((-8)/2). Suppose j - 191 = -0*j - q, g = -j + 3*q + 183. What are the prime factors of j?
3, 7
Let g(p) = -851*p**3 - 6*p**2 - 10*p - 5. Suppose -2*z - 4 = 0, 0*q - 3*q - 13 = 5*z. What are the prime factors of g(q)?
2, 5, 17
Let t(w) = w**2 - 9*w + 8. Let j be t(9). Let n = j + 597. What are the prime factors of n?
5, 11
Suppose -6*b + 4*b = -48. Let q(t) = t**2 - 20*t - 57. List the prime factors of q(b).
3, 13
List the prime factors of 10014797/1903 + 4/11.
19, 277
Let g be -14 + -2 + 4 + -2. Let m(f) = f**3 + 15*f**2 - 25*f - 20. Let n be m(g). Suppose t - n + 222 = -p, t = p - 308. List the prime factors of p.
2, 3, 17
Suppose 4*z - 35 - 229 = 3*d, d = 3*z - 88. Let i = 636 + d. List the prime factors of i.
2, 137
Let j be 3/(-3*(-4)/(11 + 1)). Let c be 138 - (6 + -4 + 0). Suppose j*y - 17 = c. What are the prime factors of y?
3, 17
Suppose 2*o = -4*x - 20 + 46, 4*x + o = 23. Suppose -1392 = -x*c + 958. List the prime factors of c.
2, 5